{"id":591,"date":"2015-07-01T12:00:05","date_gmt":"2015-07-01T10:00:05","guid":{"rendered":"http:\/\/www.andismirre.de\/blog\/?page_id=591"},"modified":"2025-05-19T13:55:31","modified_gmt":"2025-05-19T11:55:31","slug":"travelmap-wordpress-plugin","status":"publish","type":"page","link":"https:\/\/www.andismirre.de\/blog\/?page_id=591","title":{"rendered":"WP Travelmap-Plugin"},"content":{"rendered":"<div class=\"pdfprnt-buttons pdfprnt-buttons-page pdfprnt-top-right\"><a href=\"https:\/\/www.andismirre.de\/blog\/index.php?rest_route=%2Fwp%2Fv2%2Fpages%2F591&print=pdf\" class=\"pdfprnt-button pdfprnt-button-pdf\" target=\"_blank\" ><img decoding=\"async\" src=\"http:\/\/www.andismirre.de\/blog\/wp-content\/plugins\/pdf-print\/images\/pdf.png\" alt=\"image_pdf\" title=\"View PDF\" \/><\/a><a href=\"https:\/\/www.andismirre.de\/blog\/index.php?rest_route=%2Fwp%2Fv2%2Fpages%2F591&print=print\" class=\"pdfprnt-button pdfprnt-button-print\" target=\"_blank\" ><img decoding=\"async\" src=\"http:\/\/www.andismirre.de\/blog\/wp-content\/plugins\/pdf-print\/images\/print.png\" alt=\"image_print\" title=\"Print Content\" \/><\/a><\/div>\n<p>Diese Seite beschreibt das Tavelmap Plugin f\u00fcr WordPress-Blogs.<\/p>\n\n\n\n<p>Das Plugin erm\u00f6glicht das Einbinden von Karten mitsamt Wegpunkten und Beschreibungen in WordPress-Beitr\u00e4ge. Es wird durch ein Tag mit ID in einem Post hinzugef\u00fcgt. Die restliche Konfiguration hinter liegt in einer Datei mit dieser Kennung (ID).<\/p>\n","protected":false},"excerpt":{"rendered":"<p>Diese Seite beschreibt das Tavelmap Plugin f\u00fcr WordPress-Blogs. Das Plugin erm\u00f6glicht das Einbinden von Karten mitsamt Wegpunkten und Beschreibungen in WordPress-Beitr\u00e4ge. Es wird durch ein Tag mit ID in einem Post hinzugef\u00fcgt. Die restliche Konfiguration hinter liegt in einer Datei mit dieser Kennung (ID).<\/p>\n","protected":false},"author":1,"featured_media":0,"parent":0,"menu_order":0,"comment_status":"closed","ping_status":"closed","template":"","meta":{"footnotes":""},"class_list":["post-591","page","type-page","status-publish","hentry"],"_links":{"self":[{"href":"https:\/\/www.andismirre.de\/blog\/index.php?rest_route=\/wp\/v2\/pages\/591","targetHints":{"allow":["GET"]}}],"collection":[{"href":"https:\/\/www.andismirre.de\/blog\/index.php?rest_route=\/wp\/v2\/pages"}],"about":[{"href":"https:\/\/www.andismirre.de\/blog\/index.php?rest_route=\/wp\/v2\/types\/page"}],"author":[{"embeddable":true,"href":"https:\/\/www.andismirre.de\/blog\/index.php?rest_route=\/wp\/v2\/users\/1"}],"replies":[{"embeddable":true,"href":"https:\/\/www.andismirre.de\/blog\/index.php?rest_route=%2Fwp%2Fv2%2Fcomments&post=591"}],"version-history":[{"count":4,"href":"https:\/\/www.andismirre.de\/blog\/index.php?rest_route=\/wp\/v2\/pages\/591\/revisions"}],"predecessor-version":[{"id":757,"href":"https:\/\/www.andismirre.de\/blog\/index.php?rest_route=\/wp\/v2\/pages\/591\/revisions\/757"}],"wp:attachment":[{"href":"https:\/\/www.andismirre.de\/blog\/index.php?rest_route=%2Fwp%2Fv2%2Fmedia&parent=591"}],"curies":[{"name":"wp","href":"https:\/\/api.w.org\/{rel}","templated":true}]}}